f.
31
Let h = -6 - -26. Suppose -h = 3*q + 2*q. Let d be (1 + 0)*q + 124. Calculate the greatest common divisor of d and 12.
12
Suppose -616 = -114*z + 103*z. What is the greatest common divisor of 49 and z?
7
Let o be 132/20 + -5 + (-6)/(-15). Let y(b) = 3*b**3 - b**2 + 3*b. Let q be y(o). Calculate the greatest common divisor of 2 and q.
2
Let u be 25/2 + (-2)/4. Let j be u/(-30) + 177/5. Let x(o) = -o**3 - 6*o**2 - 6*o. Let f be x(-5). What is the greatest common divisor of j and f?
5
Let p(x) be the first derivative of -x**4/2 - 2*x**3/3 + x**2 + 10*x - 9. Let m be p(-3). Calculate the highest common divisor of m and 100.
20
Let n = -19 - -20. Let v be 2*n*39/26. Suppose -4 = -5*m + v*m. Calculate the greatest common factor of m and 1.
1
Let o(y) = 0 + 1 - 11 - 8*y + 14*y. Let c be o(11). Suppose 27 = 4*p - 5. Calculate the greatest common divisor of c and p.
8
Let v(r) = -r - 11. Let h be v(-5). Let k = h + 8. Suppose 4 = k*f + 2*f. What is the greatest common divisor of 8 and f?
1
Let f(x) = 58*x + 240. Let u be f(-4). Calculate the greatest common factor of 1016 and u.
8
Let f = -238 + 526. What is the highest common divisor of f and 18?
18
Let y(m) = m**3 - 3*m**2 - 2*m + 4. Let b be y(3). Let c be -50*b/(-5)*-3. What is the highest common factor of 12 and c?
12
Suppose l + 19*l = 540. What is the highest common divisor of 189 and l?
27
Suppose 0 = 2*r + 4*m, -2*r - 3 - 5 = 2*m. Let z = -5 - r. Calculate the greatest common factor of 27 and z.
3
Suppose 15 - 159 = -4*l. Let q = 2221 - 2173. What is the highest common factor of q and l?
12
Let l be (-1 + -14)*(-27)/45. Let c(v) = -v**3 + 5*v**2 + 10*v - 1. Let q be c(l). Let w = -75 - q. Calculate the greatest common divisor of 20 and w.
20
Let l = 1118 + -1028. What is the greatest common divisor of l and 1035?
45
Suppose -3*q + 7*q = 4*z + 3064, 2*q + 5*z = 1511. Calculate the greatest common factor of q and 7.
7
Let v be 21/(((-35)/(-110))/(4/(-72)) - -6). Let l be 4/6 + 19/3. What is the highest common divisor of l and v?
7
Let r(q) = q**2 - 2*q - 2. Let i be r(-2). Let v(j) = 2*j + 50. Let b be v(8). Calculate the greatest common divisor of b and i.
6
Suppose 3*m = -0 + 6. Suppose 0*h - 3*h = -t + 31, -m*h = -t + 28. Suppose 9*b + 12*b = -29*b + 5500. Calculate the highest common divisor of t and b.
22
Let c = 0 + 1. Let f = 3 - c. Suppose 2*h = -f*s - s + 50, -16 = -4*s. What is the highest common factor of h and 38?
19
Let n = -7 + 87. Suppose -3*w - w + n = 0. Calculate the greatest common factor of 100 and w.
20
Let l = -854 + 862. What is the highest common factor of 404 and l?
4
Let x be 57/4 - 1/4. Suppose -f - i - 6 = -44, 5*f - 169 = 2*i. Calculate the greatest common divisor of x and f.
7
Let u = 5 - 2. Suppose 11 = u*x - 4. Suppose -x*r = 3*o - o - 69, 63 = 2*o - r. What is the greatest common divisor of o and 80?
16
Let v(s) = s**2 - 2*s - 7. Let y be v(7). Suppose -y = -2*k + 104. Calculate the greatest common factor of k and 33.
33
Let i(g) = -5*g - 8 - 5*g - 8*g - 2*g. Let a be i(-7). Suppose -3*w + 42 = 4*j - 5*w, 5*j + 5*w = 75. What is the highest common divisor of a and j?
12
Suppose -3*f = 3*a - 111 + 24, -2*f = -a - 64. What is the greatest common divisor of 124 and f?
31
Let p be 5/(-3) + (-4)/(-6) + 1. Suppose -522 = -p*w - 6*w. Suppose -5*c + 66 = -79. What is the greatest common factor of w and c?
29
Suppose 3*z + 60 = 8*z. Let l(r) = r**2 + 5*r - 2. Let c be l(-7). What is the greatest common divisor of c and z?
12
Suppose -193 = -3*v + 4*i - 2*i, -5*v = -4*i - 323. Let l be (0 + 1)*1*0/2. Suppose l = -0*x + 5*x - 35. Calculate the highest common divisor of x and v.
7
Suppose -5*w + 538 = -3*f, -3*w + f = 6*f - 350. Calculate the greatest common factor of 935 and w.
55
Let x(i) = 18*i**2 + 42*i - 19. Let z be x(-6). What is the highest common factor of 29 and z?
29
Suppose -4*y + 6 = -14. Suppose 0 = y*l - l - 180. Let a = 3254 + -3245. What is the highest common factor of l and a?
9
Suppose 3*i - 117*w + 114*w - 396 = 0, -w = -3. Calculate the highest common divisor of 765 and i.
45
Let j = -4 + -31. Let v = -19 - j. Calculate the greatest common factor of v and 8.
8
Suppose 3*n + 1 = 163. Suppose n - 94 = -5*l. What is the highest common divisor of l and 12?
4
Suppose n + 3*l - 48 = 0, -l - 33 - 127 = -5*n. Let q(o) = -o**2 - 8*o - 4. Let y be q(-3). What is the greatest common divisor of n and y?
11
Let g = 909 + -279. Calculate the greatest common factor of g and 9.
9
Let h(g) = -g**2 - g. Let j(a) = -4*a**2 - 6*a + 10. Let m(u) = -5*h(u) + j(u). Let d be m(0). What is the greatest common factor of 10 and d?
10
Let z = -104 - -72. Let s = z - -95. Suppose 0 = 3*a - 5*a + 84. Calculate the greatest common divisor of a and s.
21
Suppose 749*f - 135 = 746*f. What is the greatest common factor of f and 27?
9
Let k = 360 - 194. What is the highest common factor of 2 and k?
2
Let m(b) = b**2 - 5*b - 11. Let j be m(7). Let v be 6/(-3) + 54 + j. Suppose -a - 5*n = -2*a + 11, 5*a = n + v. What is the highest common factor of 33 and a?
11
Suppose 4456 = -25*m + 19956. What is the highest common divisor of 20 and m?
20
Let z(j) = -j**3 - 10*j**2 + 21*j + 87. Let y be z(-12). What is the highest common divisor of 3 and y?
3
Let f be (6/8)/(2/16). Suppose 5*s + 20 = 5*m, 20 = 4*m + m. Suppose -4*b + 5*j + 6 = s, -b = -0*b + j - 6. Calculate the greatest common divisor of f and b.
2
Suppose -60 = 13*a - 19*a. What is the highest common divisor of 30 and a?
10
Let t be (-10)/(-35) - 150/(-14). Let m be 8 - t - (1 + -18). Suppose -p + 17 + m = 4*k, 0 = -5*k - 2*p + 41. Calculate the highest common factor of 7 and k.
7
Let j(z) = -z**3 - z**2 - 1. Let s(i) = 7*i**3 - 9*i + 18. Let f(m) = -6*j(m) - s(m). Let t be f(6). What is the highest common factor of 28 and t?
14
Let t be 0/(-1 - 2) + (-13)/(-1). What is the highest common factor of t and 1?
1
Let j = -31 + 29. Let w be 1*j - (-7 - (-1 - 2)). Calculate the greatest common divisor of w and 9.
1
Suppose 12 = 3*t + 12. Let c be (t - -4)*(-16)/(4 + -6). Let j(p) = p**2 - 4*p + 4. Let q be j(6). What is the highest common factor of q and c?
16
Let v(l) = l**2 + 7*l - 34. Let b be v(-14). What is the greatest common divisor of 136 and b?
8
Let p = -9960 + 9998. Suppose 3*b = -2*h + 7*h - 668, 3*b = -3. Calculate the greatest common factor of h and p.
19
Suppose 0*l + 2*j - 10 = -4*l, -l + 7 = -4*j. Let b be 16 + -4*1 + l. Let x be -8 + b - (-1 - 1). Calculate the highest common divisor of 18 and x.
9
Let j = -81 - -83. Calculate the greatest common divisor of j and 64.
2
Suppose 5*j = -3*p - 367, p - j + 113 = 2*j. Let k be -21*((-128)/3)/(-4). Let o = p - k. Calculate the highest common divisor of o and 15.
15
Suppose 5*m + 158 = -167. Let s = -53 - m. Let l(g) = -g**3 + g**2 - g + 108. Let y be l(0). Calculate the highest common divisor of y and s.
12
Suppose -11*x + 167 - 57 = 0. What is the greatest common divisor of 16 and x?
2
Suppose 0*t - t + 104 = 0. Suppose -5 = -18*y + 17*y. Suppose 2*n - y*n = -39. Calculate the highest common divisor of t and n.
13
Let s be 1 + 3 + 2 + 25. Let p = s - 21. Calculate the greatest common divisor of 5 and p.
5
Suppose 18*u - 21 = 19*u. Let v = u + 57. Calculate the highest common divisor of 24 and v.
12
Let r be (2 - (-9)/(-1))/(-1). Suppose r*u - 2*u - 5 = 0. Let p be 1/3 + 28/63*15. What is the greatest common factor of u and p?
1
Suppose -28*a + 370 = 6. Calculate the greatest common divisor of a and 1690.
13
Suppose -3*g = -k - 3*k + 2085, -2*k + 1049 = 5*g. Calculate the highest common divisor of 116 and k.
58
Let d be (-1)/(-6) - (-790)/12. Suppose a - 2 = -7. Let h = 1 - a. Calculate the greatest common factor of d and h.
6
Let k be -2 + 139 + -1 + -1. Let i be (k - 3)*4/16*4. Calculate the highest common divisor of i and 12.
12
Suppose 5*g + 5*k = 80, 4*k + 88 = 8*g - 4*g. What is the greatest common factor of 247 and g?
19
Suppose -4*r + 4*o = -611 + 139, 2*r = 5*o + 239. What is the greatest common divisor of 195 and r?
39
Let x(j) = j**2 + 26*j + 116. Let m be x(-22). What is the greatest common divisor of 56 and m?
28
Suppose f - 30 = -2*h, 0 = -3*f + 4*h - 3*h + 55. Suppose f*p - 22*p = -64. Calculate the greatest common divisor of p and 8.
8
Let q(h) = -66*h. 